{"id":10,"date":"2016-01-13T10:09:47","date_gmt":"2016-01-13T09:09:47","guid":{"rendered":"http:\/\/lea-doukhan-avocat.fr\/?page_id=10"},"modified":"2019-12-30T18:00:48","modified_gmt":"2019-12-30T17:00:48","slug":"droit-commercial","status":"publish","type":"page","link":"https:\/\/lea-doukhan-avocat.fr\/index.php\/domaines\/droit-commercial\/","title":{"rendered":"DROIT COMMERCIAL"},"content":{"rendered":"<p>[vc_row][vc_column width=\u00a0\u00bb2\/3&Prime;][vc_column_text]<\/p>\n<h1 style=\"text-align: center;\"><span style=\"color: #53348b;\">Avocat droit commercial \u00e0 Paris<\/span><\/h1>\n<p>[\/vc_column_text][vc_column_text]<\/p>\n<h2 style=\"text-align: justify;\"><span style=\"color: #53348b;\">Contentieux commercial et recouvrement de cr\u00e9ances<\/span><\/h2>\n<p style=\"text-align: justify;\">Il est courant, entre deux partenaires entretenant des <strong>relations commerciales<\/strong>, qu\u2019il s\u2019agisse d\u2019un professionnel et d\u2019un particulier, ou de deux professionnels, que des contentieux naissent en cours d\u2019ex\u00e9cution d\u2019un contrat.<\/p>\n<p style=\"text-align: justify;\">Les relations commerciales donnent en effet lieu \u00e0 un <strong>grand nombre de litiges<\/strong> qui peuvent porter tant sur la r\u00e9alisation de la prestation elle-m\u00eame que sur l\u2019interpr\u00e9tation de l\u2019une des clauses du contrat sign\u00e9 entre les parties, ou des conditions g\u00e9n\u00e9rales souvent impos\u00e9es unilat\u00e9ralement par une soci\u00e9t\u00e9.<\/p>\n<p style=\"text-align: justify;\"><a href=\"http:\/\/lea-doukhan-avocat.fr\/index.php\/avocat-paris-cabinet\/\"><strong>Ma\u00eetre L\u00e9a DOUKHAN<\/strong><\/a> conseille, repr\u00e9sente et assiste r\u00e9guli\u00e8rement les acteurs de la vie \u00e9conomique dans ce type de dossiers, tant devant le Tribunal d\u2019Instance ou de Grande Instance selon le montant du litige, que devant le Tribunal de Commerce.<\/p>\n<p style=\"text-align: justify;\">Bien plus souvent encore, le contentieux nait au moment du paiement de la facture. Les impay\u00e9s et retards de paiements, s\u2019ils sont trop fr\u00e9quents ou portent sur des montants importants, peuvent rapidement causer un lourd pr\u00e9judice aux entrepreneurs et soci\u00e9t\u00e9s non r\u00e9gl\u00e9s pour des prestations effectu\u00e9es ou des marchandises livr\u00e9es.<\/p>\n<p style=\"text-align: justify;\">C\u2019est pourquoi <strong>Ma\u00eetre L\u00e9a DOUKHAN<\/strong>, <a href=\"http:\/\/lea-doukhan-avocat.fr\/index.php\/avocat-paris-cabinet\/\">avocat \u00e0 Paris<\/a>, accompagne les soci\u00e9t\u00e9s dans leur recouvrement de cr\u00e9ances, l\u2019intervention d\u2019un avocat, notamment par l\u2019envoi d\u2019une mise en demeure par recommand\u00e9 avec accus\u00e9 de r\u00e9ception, \u00e9tant souvent efficace.<\/p>\n<p style=\"text-align: justify;\">Dans l\u2019hypoth\u00e8se o\u00f9 ce premier courrier \u00ab\u00a0avertissement\u00a0\u00bb ne suffirait pas \u00e0 dissuader le d\u00e9biteur d\u2019opposer plus de r\u00e9sistance au paiement, et dans les cas les plus \u00e9vidents, une proc\u00e9dure de r\u00e9f\u00e9r\u00e9 pourra \u00eatre engag\u00e9e par Ma\u00eetre L\u00e9a DOUKHAN afin d\u2019obtenir sa <a href=\"http:\/\/lea-doukhan-avocat.fr\/index.php\/domaines\/droit-commercial\/\">condamnation par le Tribunal<\/a> \u00e0 payer le montant de la dette.<\/p>\n<p style=\"text-align: justify;\">Il sera dans ce cas indispensable d\u2019apporter la preuve que la cr\u00e9ance est certaine dans son principe, et que son paiement est exigible, c\u2019est-\u00e0-dire que la date \u00e0 laquelle elle devait \u00eatre acquitt\u00e9e est \u00e9chue.<\/p>\n<p style=\"text-align: justify;\">Dans d\u2019autres cas, lorsqu\u2019elle l\u2019estimera plus opportun, <strong>Ma\u00eetre L\u00e9a DOUKHAN<\/strong> d\u00e9cidera d\u2019engager une proc\u00e9dure d\u2019injonction de payer devant le Tribunal d\u2019Instance territorialement comp\u00e9tent.<\/p>\n<p style=\"text-align: justify;\">Dans toutes les hypoth\u00e8ses, et parce qu\u2019elle sait \u00e0 quel point les factures impay\u00e9es ou contest\u00e9es sans fondement peuvent \u00eatre pr\u00e9judiciables \u00e0 une soci\u00e9t\u00e9, <a href=\"http:\/\/lea-doukhan-avocat.fr\/index.php\/avocat-paris-cabinet\/\">Ma\u00eetre L\u00e9a DOUKHAN<\/a> mettra en \u0153uvre tous les moyens juridiques et judiciaires afin d\u2019aboutir au recouvrement de votre cr\u00e9ance dans les meilleurs d\u00e9lais.<\/p>\n<p>[\/vc_column_text][\/vc_column][vc_column width=\u00a0\u00bb1\/3&Prime;][vc_single_image image=\u00a0\u00bb218&Prime; img_size=\u00a0\u00bbfull\u00a0\u00bb css=\u00a0\u00bb.vc_custom_1464169404709{margin-top: 120px !important;}\u00a0\u00bb][\/vc_column][\/vc_row]<\/p>\n","protected":false},"excerpt":{"rendered":"<p>[vc_row][vc_column width=\u00a0\u00bb2\/3&Prime;][vc_column_text] Avocat droit commercial \u00e0 Paris [\/vc_column_text][vc_column_text] Contentieux commercial et recouvrement de cr\u00e9ances Il est courant, entre deux partenaires entretenant des relations commerciales, qu\u2019il s\u2019agisse<span class=\"excerpt-hellip\"> [\u2026]<\/span><\/p>\n","protected":false},"author":1,"featured_media":0,"parent":7,"menu_order":0,"comment_status":"closed","ping_status":"closed","template":"","meta":{"_links_to":"","_links_to_target":""},"yoast_head":"<!-- This site is optimized with the Yoast SEO plugin v17.8 - https:\/\/yoast.com\/wordpress\/plugins\/seo\/ -->\n<title>DROIT COMMERCIAL | Ma\u00eetre L\u00e9a Doukhan<\/title>\n<meta name=\"robots\" content=\"index, follow, max-snippet:-1, max-image-preview:large, max-video-preview:-1\" \/>\n<link rel=\"canonical\" href=\"https:\/\/lea-doukhan-avocat.fr\/index.php\/domaines\/droit-commercial\/\" \/>\n<meta property=\"og:locale\" content=\"fr_FR\" \/>\n<meta property=\"og:type\" content=\"article\" \/>\n<meta property=\"og:title\" content=\"DROIT COMMERCIAL | Ma\u00eetre L\u00e9a Doukhan\" \/>\n<meta property=\"og:description\" content=\"[vc_row][vc_column width=\u00a0\u00bb2\/3&Prime;][vc_column_text] Avocat droit commercial \u00e0 Paris [\/vc_column_text][vc_column_text] Contentieux commercial et recouvrement de cr\u00e9ances Il est courant, entre deux partenaires entretenant des relations commerciales, qu\u2019il s\u2019agisse [\u2026]\" \/>\n<meta property=\"og:url\" content=\"https:\/\/lea-doukhan-avocat.fr\/index.php\/domaines\/droit-commercial\/\" \/>\n<meta property=\"og:site_name\" content=\"Ma\u00eetre L\u00e9a Doukhan\" \/>\n<meta property=\"article:modified_time\" content=\"2019-12-30T17:00:48+00:00\" \/>\n<meta name=\"twitter:card\" content=\"summary_large_image\" \/>\n<meta name=\"twitter:label1\" content=\"Dur\u00e9e de lecture estim\u00e9e\" \/>\n\t<meta name=\"twitter:data1\" content=\"2 minutes\" \/>\n<script type=\"application\/ld+json\" class=\"yoast-schema-graph\">{\"@context\":\"https:\/\/schema.org\",\"@graph\":[{\"@type\":\"Organization\",\"@id\":\"https:\/\/lea-doukhan-avocat.fr\/#organization\",\"name\":\"L\\u00e9a Doukhan Avocat Droit Commercial Paris\",\"url\":\"https:\/\/lea-doukhan-avocat.fr\/\",\"sameAs\":[],\"logo\":{\"@type\":\"ImageObject\",\"@id\":\"https:\/\/lea-doukhan-avocat.fr\/#logo\",\"inLanguage\":\"fr-FR\",\"url\":\"https:\/\/lea-doukhan-avocat.fr\/wp-content\/uploads\/2019\/12\/logo-LDA-HD-avocat-droit-commercial-paris-2.png\",\"contentUrl\":\"https:\/\/lea-doukhan-avocat.fr\/wp-content\/uploads\/2019\/12\/logo-LDA-HD-avocat-droit-commercial-paris-2.png\",\"width\":2598,\"height\":554,\"caption\":\"L\\u00e9a Doukhan Avocat Droit Commercial Paris\"},\"image\":{\"@id\":\"https:\/\/lea-doukhan-avocat.fr\/#logo\"}},{\"@type\":\"WebSite\",\"@id\":\"https:\/\/lea-doukhan-avocat.fr\/#website\",\"url\":\"https:\/\/lea-doukhan-avocat.fr\/\",\"name\":\"Ma\\u00eetre L\\u00e9a Doukhan\",\"description\":\"Avocat en droit commercial \\u00e0 Paris\",\"publisher\":{\"@id\":\"https:\/\/lea-doukhan-avocat.fr\/#organization\"},\"potentialAction\":[{\"@type\":\"SearchAction\",\"target\":{\"@type\":\"EntryPoint\",\"urlTemplate\":\"https:\/\/lea-doukhan-avocat.fr\/?s={search_term_string}\"},\"query-input\":\"required name=search_term_string\"}],\"inLanguage\":\"fr-FR\"},{\"@type\":\"WebPage\",\"@id\":\"https:\/\/lea-doukhan-avocat.fr\/index.php\/domaines\/droit-commercial\/#webpage\",\"url\":\"https:\/\/lea-doukhan-avocat.fr\/index.php\/domaines\/droit-commercial\/\",\"name\":\"DROIT COMMERCIAL | Ma\\u00eetre L\\u00e9a Doukhan\",\"isPartOf\":{\"@id\":\"https:\/\/lea-doukhan-avocat.fr\/#website\"},\"datePublished\":\"2016-01-13T09:09:47+00:00\",\"dateModified\":\"2019-12-30T17:00:48+00:00\",\"breadcrumb\":{\"@id\":\"https:\/\/lea-doukhan-avocat.fr\/index.php\/domaines\/droit-commercial\/#breadcrumb\"},\"inLanguage\":\"fr-FR\",\"potentialAction\":[{\"@type\":\"ReadAction\",\"target\":[\"https:\/\/lea-doukhan-avocat.fr\/index.php\/domaines\/droit-commercial\/\"]}]},{\"@type\":\"BreadcrumbList\",\"@id\":\"https:\/\/lea-doukhan-avocat.fr\/index.php\/domaines\/droit-commercial\/#breadcrumb\",\"itemListElement\":[{\"@type\":\"ListItem\",\"position\":1,\"name\":\"Accueil\",\"item\":\"https:\/\/lea-doukhan-avocat.fr\/\"},{\"@type\":\"ListItem\",\"position\":2,\"name\":\"DOMAINES\",\"item\":\"\/\"},{\"@type\":\"ListItem\",\"position\":3,\"name\":\"DROIT COMMERCIAL\"}]}]}<\/script>\n<!-- \/ Yoast SEO plugin. -->","yoast_head_json":{"title":"DROIT COMMERCIAL | Ma\u00eetre L\u00e9a Doukhan","robots":{"index":"index","follow":"follow","max-snippet":"max-snippet:-1","max-image-preview":"max-image-preview:large","max-video-preview":"max-video-preview:-1"},"canonical":"https:\/\/lea-doukhan-avocat.fr\/index.php\/domaines\/droit-commercial\/","og_locale":"fr_FR","og_type":"article","og_title":"DROIT COMMERCIAL | Ma\u00eetre L\u00e9a Doukhan","og_description":"[vc_row][vc_column width=\u00a0\u00bb2\/3&Prime;][vc_column_text] Avocat droit commercial \u00e0 Paris [\/vc_column_text][vc_column_text] Contentieux commercial et recouvrement de cr\u00e9ances Il est courant, entre deux partenaires entretenant des relations commerciales, qu\u2019il s\u2019agisse [\u2026]","og_url":"https:\/\/lea-doukhan-avocat.fr\/index.php\/domaines\/droit-commercial\/","og_site_name":"Ma\u00eetre L\u00e9a Doukhan","article_modified_time":"2019-12-30T17:00:48+00:00","twitter_card":"summary_large_image","twitter_misc":{"Dur\u00e9e de lecture estim\u00e9e":"2 minutes"},"schema":{"@context":"https:\/\/schema.org","@graph":[{"@type":"Organization","@id":"https:\/\/lea-doukhan-avocat.fr\/#organization","name":"L\u00e9a Doukhan Avocat Droit Commercial Paris","url":"https:\/\/lea-doukhan-avocat.fr\/","sameAs":[],"logo":{"@type":"ImageObject","@id":"https:\/\/lea-doukhan-avocat.fr\/#logo","inLanguage":"fr-FR","url":"https:\/\/lea-doukhan-avocat.fr\/wp-content\/uploads\/2019\/12\/logo-LDA-HD-avocat-droit-commercial-paris-2.png","contentUrl":"https:\/\/lea-doukhan-avocat.fr\/wp-content\/uploads\/2019\/12\/logo-LDA-HD-avocat-droit-commercial-paris-2.png","width":2598,"height":554,"caption":"L\u00e9a Doukhan Avocat Droit Commercial Paris"},"image":{"@id":"https:\/\/lea-doukhan-avocat.fr\/#logo"}},{"@type":"WebSite","@id":"https:\/\/lea-doukhan-avocat.fr\/#website","url":"https:\/\/lea-doukhan-avocat.fr\/","name":"Ma\u00eetre L\u00e9a Doukhan","description":"Avocat en droit commercial \u00e0 Paris","publisher":{"@id":"https:\/\/lea-doukhan-avocat.fr\/#organization"},"potentialAction":[{"@type":"SearchAction","target":{"@type":"EntryPoint","urlTemplate":"https:\/\/lea-doukhan-avocat.fr\/?s={search_term_string}"},"query-input":"required name=search_term_string"}],"inLanguage":"fr-FR"},{"@type":"WebPage","@id":"https:\/\/lea-doukhan-avocat.fr\/index.php\/domaines\/droit-commercial\/#webpage","url":"https:\/\/lea-doukhan-avocat.fr\/index.php\/domaines\/droit-commercial\/","name":"DROIT COMMERCIAL | Ma\u00eetre L\u00e9a Doukhan","isPartOf":{"@id":"https:\/\/lea-doukhan-avocat.fr\/#website"},"datePublished":"2016-01-13T09:09:47+00:00","dateModified":"2019-12-30T17:00:48+00:00","breadcrumb":{"@id":"https:\/\/lea-doukhan-avocat.fr\/index.php\/domaines\/droit-commercial\/#breadcrumb"},"inLanguage":"fr-FR","potentialAction":[{"@type":"ReadAction","target":["https:\/\/lea-doukhan-avocat.fr\/index.php\/domaines\/droit-commercial\/"]}]},{"@type":"BreadcrumbList","@id":"https:\/\/lea-doukhan-avocat.fr\/index.php\/domaines\/droit-commercial\/#breadcrumb","itemListElement":[{"@type":"ListItem","position":1,"name":"Accueil","item":"https:\/\/lea-doukhan-avocat.fr\/"},{"@type":"ListItem","position":2,"name":"DOMAINES","item":"\/"},{"@type":"ListItem","position":3,"name":"DROIT COMMERCIAL"}]}]}},"_links":{"self":[{"href":"https:\/\/lea-doukhan-avocat.fr\/index.php\/wp-json\/wp\/v2\/pages\/10"}],"collection":[{"href":"https:\/\/lea-doukhan-avocat.fr\/index.php\/wp-json\/wp\/v2\/pages"}],"about":[{"href":"https:\/\/lea-doukhan-avocat.fr\/index.php\/wp-json\/wp\/v2\/types\/page"}],"author":[{"embeddable":true,"href":"https:\/\/lea-doukhan-avocat.fr\/index.php\/wp-json\/wp\/v2\/users\/1"}],"replies":[{"embeddable":true,"href":"https:\/\/lea-doukhan-avocat.fr\/index.php\/wp-json\/wp\/v2\/comments?post=10"}],"version-history":[{"count":17,"href":"https:\/\/lea-doukhan-avocat.fr\/index.php\/wp-json\/wp\/v2\/pages\/10\/revisions"}],"predecessor-version":[{"id":373,"href":"https:\/\/lea-doukhan-avocat.fr\/index.php\/wp-json\/wp\/v2\/pages\/10\/revisions\/373"}],"up":[{"embeddable":true,"href":"https:\/\/lea-doukhan-avocat.fr\/index.php\/wp-json\/wp\/v2\/pages\/7"}],"wp:attachment":[{"href":"https:\/\/lea-doukhan-avocat.fr\/index.php\/wp-json\/wp\/v2\/media?parent=10"}],"curies":[{"name":"wp","href":"https:\/\/api.w.org\/{rel}","templated":true}]}}