{"id":261,"date":"2016-09-22T16:51:00","date_gmt":"2016-09-22T15:51:00","guid":{"rendered":"http:\/\/lea-doukhan-avocat.fr\/?page_id=261"},"modified":"2019-12-30T18:13:13","modified_gmt":"2019-12-30T17:13:13","slug":"conciliation-devant-le-juges","status":"publish","type":"page","link":"https:\/\/lea-doukhan-avocat.fr\/index.php\/conciliation-devant-le-juges\/","title":{"rendered":"Audience de conciliation devant le Juge"},"content":{"rendered":"<p>[vc_row][vc_column width=\u00a0\u00bb2\/3&Prime;][vc_empty_space height=\u00a0\u00bb25px\u00a0\u00bb][vc_column_text css_animation=\u00a0\u00bbright-to-left\u00a0\u00bb]<\/p>\n<h1><span style=\"color: #53348b;\">Ma\u00eetre L\u00e9a Doukhan, avocat \u00e0 Paris<\/span><\/h1>\n<p>[\/vc_column_text][vc_column_text]<\/p>\n<h2 style=\"text-align: justify;\"><span style=\"color: #53348b;\"><strong>L\u2019audience de conciliation devant le Juge aux Affaires familiales en mati\u00e8re de divorce<\/strong><\/span><\/h2>\n<p style=\"text-align: justify;\">L\u2019audience de conciliation devant le Juge aux affaires familiales dans le cadre d\u2019un <a href=\"http:\/\/lea-doukhan-avocat.fr\/index.php\/avocat-paris-cabinet\/\">divorce<\/a> \u00e9tant, pour un grand nombre de mes clients, la premi\u00e8re \u00e0 laquelle ils assistent au cours de leur vie, elle est souvent source d\u2019angoisse et d\u2019interrogations, notamment quant \u00e0 son d\u00e9roulement.<\/p>\n<p style=\"text-align: justify;\">Comment se d\u00e9roule, en pratique, cette 1<sup>\u00e8re<\/sup> audience\u00a0?<\/p>\n<p style=\"text-align: justify;\">Vous devez en premier lieu savoir que le d\u00e9p\u00f4t d\u2019une requ\u00eate en divorce par l\u2019un des \u00e9poux enclenche la proc\u00e9dure de divorce.<\/p>\n<p style=\"text-align: justify;\">Une fois la requ\u00eate d\u00e9pos\u00e9e, le secr\u00e9tariat-greffe du Juge aux affaires familiales saisi adresse \u00e0 chaque \u00e9poux une convocation pour une audience appel\u00e9e audience de conciliation. Pr\u00e9cisons d\u2019ores et d\u00e9j\u00e0 que cette audience ne concerne que les divorces contentieux, cette \u00e9tape n\u2019\u00e9tant pas n\u00e9cessaire en mati\u00e8re de divorce par consentement mutuel.<\/p>\n<p style=\"text-align: justify;\">Les \u00e9poux doivent obligatoirement se pr\u00e9senter \u00e0 cette audience en personne, puisque le juge doit \u00e0 cette occasion tenter de les concilier, ce qui en pratique n\u2019arrive toutefois que tr\u00e8s rarement.<\/p>\n<p style=\"text-align: justify;\">L\u2019\u00e9poux demandeur a l\u2019obligation d\u2019\u00eatre assist\u00e9 de son avocat, tandis que l\u2019\u00e9poux d\u00e9fendeur a le choix de venir seul ou assist\u00e9 par son avocat. Bien entendu, il est fortement recommand\u00e9 de faire le choix d\u2019\u00eatre assist\u00e9 par son Conseil, d\u2019autant plus que la pr\u00e9sence des deux avocats est obligatoire pour que les \u00e9poux acceptent le principe de la rupture du mariage s\u2019ils le souhaitent.<\/p>\n<p style=\"text-align: justify;\">S\u2019agissant d\u2019une premi\u00e8re audience, la <a href=\"http:\/\/lea-doukhan-avocat.fr\/index.php\/domaines\/droit-de-la-famille\/\">pr\u00e9sence de l\u2019avocat<\/a> est par ailleurs rassurante, s\u2019agissant d\u2019un professionnel habitu\u00e9 \u00e0 cette proc\u00e9dure, capable de r\u00e9pondre \u00e0 toute question et de pallier aux inqui\u00e9tudes l\u00e9gitimes des futurs ex-\u00e9poux.<\/p>\n<p style=\"text-align: justify;\">L\u2019audience de conciliation se d\u00e9roule comme suit\u00a0:<\/p>\n<ul style=\"text-align: justify;\">\n<li><u>1<sup>\u00e8re<\/sup> \u00e9tape de l\u2019audience<\/u>: chaque \u00e9poux est entendu seul par le Juge dans son Cabinet. L\u2019\u00e9poux demandeur rentre en 1<sup>er<\/sup> dans le Cabinet du Juge, qui lui pose quelques questions sur sa situation conjugale et sur sa volont\u00e9 de divorcer. Puis c\u2019est au tour de l\u2019\u00e9poux d\u00e9fendeur de s\u2019entretenir personnellement avec le Juge et d\u2019aborder ces m\u00eames questions.<\/li>\n<\/ul>\n<p style=\"text-align: justify;\">Vous devez savoir que ce qui a \u00e9t\u00e9 dit ou \u00e9crit \u00e0 l\u2019occasion de cette audience ne pourra pas \u00eatre invoqu\u00e9 pour ou contre un \u00e9poux dans la suite de la proc\u00e9dure.<\/p>\n<ul style=\"text-align: justify;\">\n<li><u>2<sup>\u00e8me<\/sup> \u00e9tape<\/u>: apr\u00e8s avoir entendu chaque \u00e9poux individuellement, le juge r\u00e9unit les deux \u00e9poux et leurs avocats dans son cabinet.<\/li>\n<\/ul>\n<p style=\"text-align: justify;\">A l\u2019issue des entretiens individuels avec les \u00e9poux, le juge dispose de plusieurs choix\u00a0:<\/p>\n<ul style=\"text-align: justify;\">\n<li>S\u2019il pense que les deux \u00e9poux peuvent se r\u00e9concilier et renoncer \u00e0 leur projet de divorce, il peut<strong>donner au couple un temps de r\u00e9flexion limit\u00e9 \u00e0 huit jours<\/strong><strong>.<\/strong><\/li>\n<\/ul>\n<p style=\"text-align: justify;\">Ce\u00a0<strong>d\u00e9lai peut \u00eatre toutefois \u00eatre plus long si le Juge estime que c\u2019est n\u00e9cessaire<\/strong>\u00a0: dans ce cas, il reconvoquera les \u00e9poux dans un d\u00e9lai maximum de 6 mois et ordonnera des mesures provisoires. Le magistrat pourra \u00e9galement inciter les conjoints \u00e0 recourir \u00e0 une m\u00e9diation familiale afin d\u2019\u00e9voquer, en pr\u00e9sence d\u2019un tiers m\u00e9diateur, leurs diff\u00e9rends et de tenter d\u2019y trouver une issue amiable.<\/p>\n<ul style=\"text-align: justify;\">\n<li>Si en revanche le juge estime que la r\u00e9conciliation est impossible, il demande aux \u00e9poux s\u2019ils sont d\u2019accord sur le principe de la rupture du mariage. Si tel est le cas,<strong>un proc\u00e8s-verbal d\u2019acceptation du principe de la rupture du mariage est sign\u00e9<\/strong><strong>\u00a0<\/strong>par chacun des deux \u00e9poux et par leurs avocats. Pour signer ce proc\u00e8s-verbal, chacun des \u00e9poux doit donc \u00eatre accompagn\u00e9 par son avocat. Je pr\u00e9cise, \u00e0 toutes fins utiles, que ce proc\u00e8s-verbal ne mentionne pas les griefs de chacun des \u00e9poux envers l\u2019autre, et que l\u2019acceptation du principe de rupture du mariage est irr\u00e9vocable, m\u00eame par la voie de la proc\u00e9dure d\u2019appel.<\/li>\n<li>Enfin, si les \u00e9poux refusent d\u2019accepter le principe de la rupture du mariage, le Juge donne la parole \u00e0 chaque avocat afin qu\u2019il expose la position de son client et ses demandes au titre des mesures provisoires qui r\u00e8gleront la situation conjugale et familiale au cours de la proc\u00e9dure de divorce, c\u2019est-\u00e0-dire celles concernant l\u2019attribution du domicile conjugal, la r\u00e9sidence habituelle des enfants, le droit de visite et d\u2019h\u00e9bergement, le versement \u00e9ventuel d\u2019une pension alimentaire \u00e0 l\u2019un des \u00e9poux par l\u2019autre, le r\u00e8glement des charges, etc.<\/li>\n<\/ul>\n<p style=\"text-align: justify;\">Si l\u2019audience de conciliation \u00e9choue, c\u2019est-\u00e0-dire si elle n\u2019a pas abouti \u00e0 la r\u00e9conciliation des \u00e9poux, le Juge rend une Ordonnance de non-conciliation.<\/p>\n<p style=\"text-align: justify;\">Cette d\u00e9cision organise la s\u00e9paration des \u00e9poux jusqu\u2019au prononc\u00e9 d\u00e9finitif du divorce, les mesures provisoires prononc\u00e9es \u00e9tant applicables durant toute la dur\u00e9e de la proc\u00e9dure et jusqu\u2019au jugement de divorce d\u00e9finitif.<\/p>\n<p>[\/vc_column_text][\/vc_column][vc_column width=\u00a0\u00bb1\/3&Prime;][vc_empty_space height=\u00a0\u00bb25px\u00a0\u00bb][vc_single_image image=\u00a0\u00bb268&Prime; img_size=\u00a0\u00bbfull\u00a0\u00bb alignment=\u00a0\u00bbcenter\u00a0\u00bb css_animation=\u00a0\u00bbright-to-left\u00a0\u00bb][\/vc_column][\/vc_row]<\/p>\n","protected":false},"excerpt":{"rendered":"<p>[vc_row][vc_column width=\u00a0\u00bb2\/3&Prime;][vc_empty_space height=\u00a0\u00bb25px\u00a0\u00bb][vc_column_text css_animation=\u00a0\u00bbright-to-left\u00a0\u00bb] Ma\u00eetre L\u00e9a Doukhan, avocat \u00e0 Paris [\/vc_column_text][vc_column_text] L\u2019audience de conciliation devant le Juge aux Affaires familiales en mati\u00e8re de divorce L\u2019audience de<span class=\"excerpt-hellip\"> [\u2026]<\/span><\/p>\n","protected":false},"author":1,"featured_media":0,"parent":0,"menu_order":0,"comment_status":"closed","ping_status":"closed","template":"","meta":{"_links_to":"","_links_to_target":""},"yoast_head":"<!-- This site is optimized with the Yoast SEO plugin v17.8 - https:\/\/yoast.com\/wordpress\/plugins\/seo\/ -->\n<title>Audience de conciliation devant le Juge | Ma\u00eetre L\u00e9a Doukhan<\/title>\n<meta name=\"robots\" content=\"index, follow, max-snippet:-1, max-image-preview:large, max-video-preview:-1\" \/>\n<link rel=\"canonical\" href=\"https:\/\/lea-doukhan-avocat.fr\/index.php\/conciliation-devant-le-juges\/\" \/>\n<meta property=\"og:locale\" content=\"fr_FR\" \/>\n<meta property=\"og:type\" content=\"article\" \/>\n<meta property=\"og:title\" content=\"Audience de conciliation devant le Juge | Ma\u00eetre L\u00e9a Doukhan\" \/>\n<meta property=\"og:description\" content=\"[vc_row][vc_column width=\u00a0\u00bb2\/3&Prime;][vc_empty_space height=\u00a0\u00bb25px\u00a0\u00bb][vc_column_text css_animation=\u00a0\u00bbright-to-left\u00a0\u00bb] Ma\u00eetre L\u00e9a Doukhan, avocat \u00e0 Paris [\/vc_column_text][vc_column_text] L\u2019audience de conciliation devant le Juge aux Affaires familiales en mati\u00e8re de divorce L\u2019audience de [\u2026]\" \/>\n<meta property=\"og:url\" content=\"https:\/\/lea-doukhan-avocat.fr\/index.php\/conciliation-devant-le-juges\/\" \/>\n<meta property=\"og:site_name\" content=\"Ma\u00eetre L\u00e9a Doukhan\" \/>\n<meta property=\"article:modified_time\" content=\"2019-12-30T17:13:13+00:00\" \/>\n<meta name=\"twitter:card\" content=\"summary_large_image\" \/>\n<meta name=\"twitter:label1\" content=\"Dur\u00e9e de lecture estim\u00e9e\" \/>\n\t<meta name=\"twitter:data1\" content=\"4 minutes\" \/>\n<script type=\"application\/ld+json\" class=\"yoast-schema-graph\">{\"@context\":\"https:\/\/schema.org\",\"@graph\":[{\"@type\":\"Organization\",\"@id\":\"https:\/\/lea-doukhan-avocat.fr\/#organization\",\"name\":\"L\\u00e9a Doukhan Avocat Droit Commercial Paris\",\"url\":\"https:\/\/lea-doukhan-avocat.fr\/\",\"sameAs\":[],\"logo\":{\"@type\":\"ImageObject\",\"@id\":\"https:\/\/lea-doukhan-avocat.fr\/#logo\",\"inLanguage\":\"fr-FR\",\"url\":\"https:\/\/lea-doukhan-avocat.fr\/wp-content\/uploads\/2019\/12\/logo-LDA-HD-avocat-droit-commercial-paris-2.png\",\"contentUrl\":\"https:\/\/lea-doukhan-avocat.fr\/wp-content\/uploads\/2019\/12\/logo-LDA-HD-avocat-droit-commercial-paris-2.png\",\"width\":2598,\"height\":554,\"caption\":\"L\\u00e9a Doukhan Avocat Droit Commercial Paris\"},\"image\":{\"@id\":\"https:\/\/lea-doukhan-avocat.fr\/#logo\"}},{\"@type\":\"WebSite\",\"@id\":\"https:\/\/lea-doukhan-avocat.fr\/#website\",\"url\":\"https:\/\/lea-doukhan-avocat.fr\/\",\"name\":\"Ma\\u00eetre L\\u00e9a Doukhan\",\"description\":\"Avocat en droit commercial \\u00e0 Paris\",\"publisher\":{\"@id\":\"https:\/\/lea-doukhan-avocat.fr\/#organization\"},\"potentialAction\":[{\"@type\":\"SearchAction\",\"target\":{\"@type\":\"EntryPoint\",\"urlTemplate\":\"https:\/\/lea-doukhan-avocat.fr\/?s={search_term_string}\"},\"query-input\":\"required name=search_term_string\"}],\"inLanguage\":\"fr-FR\"},{\"@type\":\"WebPage\",\"@id\":\"https:\/\/lea-doukhan-avocat.fr\/index.php\/conciliation-devant-le-juges\/#webpage\",\"url\":\"https:\/\/lea-doukhan-avocat.fr\/index.php\/conciliation-devant-le-juges\/\",\"name\":\"Audience de conciliation devant le Juge | Ma\\u00eetre L\\u00e9a Doukhan\",\"isPartOf\":{\"@id\":\"https:\/\/lea-doukhan-avocat.fr\/#website\"},\"datePublished\":\"2016-09-22T15:51:00+00:00\",\"dateModified\":\"2019-12-30T17:13:13+00:00\",\"breadcrumb\":{\"@id\":\"https:\/\/lea-doukhan-avocat.fr\/index.php\/conciliation-devant-le-juges\/#breadcrumb\"},\"inLanguage\":\"fr-FR\",\"potentialAction\":[{\"@type\":\"ReadAction\",\"target\":[\"https:\/\/lea-doukhan-avocat.fr\/index.php\/conciliation-devant-le-juges\/\"]}]},{\"@type\":\"BreadcrumbList\",\"@id\":\"https:\/\/lea-doukhan-avocat.fr\/index.php\/conciliation-devant-le-juges\/#breadcrumb\",\"itemListElement\":[{\"@type\":\"ListItem\",\"position\":1,\"name\":\"Accueil\",\"item\":\"https:\/\/lea-doukhan-avocat.fr\/\"},{\"@type\":\"ListItem\",\"position\":2,\"name\":\"Audience de conciliation devant le Juge\"}]}]}<\/script>\n<!-- \/ Yoast SEO plugin. -->","yoast_head_json":{"title":"Audience de conciliation devant le Juge | Ma\u00eetre L\u00e9a Doukhan","robots":{"index":"index","follow":"follow","max-snippet":"max-snippet:-1","max-image-preview":"max-image-preview:large","max-video-preview":"max-video-preview:-1"},"canonical":"https:\/\/lea-doukhan-avocat.fr\/index.php\/conciliation-devant-le-juges\/","og_locale":"fr_FR","og_type":"article","og_title":"Audience de conciliation devant le Juge | Ma\u00eetre L\u00e9a Doukhan","og_description":"[vc_row][vc_column width=\u00a0\u00bb2\/3&Prime;][vc_empty_space height=\u00a0\u00bb25px\u00a0\u00bb][vc_column_text css_animation=\u00a0\u00bbright-to-left\u00a0\u00bb] Ma\u00eetre L\u00e9a Doukhan, avocat \u00e0 Paris [\/vc_column_text][vc_column_text] L\u2019audience de conciliation devant le Juge aux Affaires familiales en mati\u00e8re de divorce L\u2019audience de [\u2026]","og_url":"https:\/\/lea-doukhan-avocat.fr\/index.php\/conciliation-devant-le-juges\/","og_site_name":"Ma\u00eetre L\u00e9a Doukhan","article_modified_time":"2019-12-30T17:13:13+00:00","twitter_card":"summary_large_image","twitter_misc":{"Dur\u00e9e de lecture estim\u00e9e":"4 minutes"},"schema":{"@context":"https:\/\/schema.org","@graph":[{"@type":"Organization","@id":"https:\/\/lea-doukhan-avocat.fr\/#organization","name":"L\u00e9a Doukhan Avocat Droit Commercial Paris","url":"https:\/\/lea-doukhan-avocat.fr\/","sameAs":[],"logo":{"@type":"ImageObject","@id":"https:\/\/lea-doukhan-avocat.fr\/#logo","inLanguage":"fr-FR","url":"https:\/\/lea-doukhan-avocat.fr\/wp-content\/uploads\/2019\/12\/logo-LDA-HD-avocat-droit-commercial-paris-2.png","contentUrl":"https:\/\/lea-doukhan-avocat.fr\/wp-content\/uploads\/2019\/12\/logo-LDA-HD-avocat-droit-commercial-paris-2.png","width":2598,"height":554,"caption":"L\u00e9a Doukhan Avocat Droit Commercial Paris"},"image":{"@id":"https:\/\/lea-doukhan-avocat.fr\/#logo"}},{"@type":"WebSite","@id":"https:\/\/lea-doukhan-avocat.fr\/#website","url":"https:\/\/lea-doukhan-avocat.fr\/","name":"Ma\u00eetre L\u00e9a Doukhan","description":"Avocat en droit commercial \u00e0 Paris","publisher":{"@id":"https:\/\/lea-doukhan-avocat.fr\/#organization"},"potentialAction":[{"@type":"SearchAction","target":{"@type":"EntryPoint","urlTemplate":"https:\/\/lea-doukhan-avocat.fr\/?s={search_term_string}"},"query-input":"required name=search_term_string"}],"inLanguage":"fr-FR"},{"@type":"WebPage","@id":"https:\/\/lea-doukhan-avocat.fr\/index.php\/conciliation-devant-le-juges\/#webpage","url":"https:\/\/lea-doukhan-avocat.fr\/index.php\/conciliation-devant-le-juges\/","name":"Audience de conciliation devant le Juge | Ma\u00eetre L\u00e9a Doukhan","isPartOf":{"@id":"https:\/\/lea-doukhan-avocat.fr\/#website"},"datePublished":"2016-09-22T15:51:00+00:00","dateModified":"2019-12-30T17:13:13+00:00","breadcrumb":{"@id":"https:\/\/lea-doukhan-avocat.fr\/index.php\/conciliation-devant-le-juges\/#breadcrumb"},"inLanguage":"fr-FR","potentialAction":[{"@type":"ReadAction","target":["https:\/\/lea-doukhan-avocat.fr\/index.php\/conciliation-devant-le-juges\/"]}]},{"@type":"BreadcrumbList","@id":"https:\/\/lea-doukhan-avocat.fr\/index.php\/conciliation-devant-le-juges\/#breadcrumb","itemListElement":[{"@type":"ListItem","position":1,"name":"Accueil","item":"https:\/\/lea-doukhan-avocat.fr\/"},{"@type":"ListItem","position":2,"name":"Audience de conciliation devant le Juge"}]}]}},"_links":{"self":[{"href":"https:\/\/lea-doukhan-avocat.fr\/index.php\/wp-json\/wp\/v2\/pages\/261"}],"collection":[{"href":"https:\/\/lea-doukhan-avocat.fr\/index.php\/wp-json\/wp\/v2\/pages"}],"about":[{"href":"https:\/\/lea-doukhan-avocat.fr\/index.php\/wp-json\/wp\/v2\/types\/page"}],"author":[{"embeddable":true,"href":"https:\/\/lea-doukhan-avocat.fr\/index.php\/wp-json\/wp\/v2\/users\/1"}],"replies":[{"embeddable":true,"href":"https:\/\/lea-doukhan-avocat.fr\/index.php\/wp-json\/wp\/v2\/comments?post=261"}],"version-history":[{"count":10,"href":"https:\/\/lea-doukhan-avocat.fr\/index.php\/wp-json\/wp\/v2\/pages\/261\/revisions"}],"predecessor-version":[{"id":378,"href":"https:\/\/lea-doukhan-avocat.fr\/index.php\/wp-json\/wp\/v2\/pages\/261\/revisions\/378"}],"wp:attachment":[{"href":"https:\/\/lea-doukhan-avocat.fr\/index.php\/wp-json\/wp\/v2\/media?parent=261"}],"curies":[{"name":"wp","href":"https:\/\/api.w.org\/{rel}","templated":true}]}}